 + -4?
-502
In base 4, what is 2 + -1213?
-1211
In base 11, what is 403 + -2?
401
In base 11, what is 28 - -40?
68
In base 2, what is -1 + -1000000101111?
-1000000110000
In base 16, what is -70 + -4?
-74
In base 8, what is -1 - 405?
-406
In base 13, what is 4 + -89?
-85
In base 6, what is -2430 + -4?
-2434
In base 4, what is 12101 + -1?
12100
In base 10, what is -788 + 2?
-786
In base 7, what is 4465 + -4?
4461
In base 11, what is -3 + 291?
289
In base 15, what is -2 + 61c?
61a
In base 11, what is -4 + 534?
530
In base 4, what is -102 - -13?
-23
In base 14, what is -a - 13?
-1d
In base 14, what is -2 - -3b5?
3b3
In base 14, what is -b + 2?
-9
In base 12, what is -112 + 1?
-111
In base 2, what is -101100101 - -10?
-101100011
In base 10, what is 6 - -164?
170
In base 13, what is -2 + -111?
-113
In base 15, what is 3 + c?
10
In base 15, what is c4 + 35?
109
In base 7, what is -221 - -240?
16
In base 8, what is 44 - 1?
43
In base 3, what is -12 - -2011?
1222
In base 3, what is -200021 + 2?
-200012
In base 12, what is 3 + -215?
-212
In base 2, what is 11100100 - 100?
11100000
In base 12, what is 180 - 2a?
152
In base 8, what is 4 - -1713?
1717
In base 3, what is 22 + -102012?
-101220
In base 14, what is -51 + 2?
-4d
In base 15, what is -1 - -33?
32
In base 12, what is -3 + -b81?
-b84
In base 14, what is 5a - -1?
5b
In base 14, what is 5 - 83?
-7c
In base 7, what is -615 - -12?
-603
In base 9, what is -66 + 20?
-46
In base 3, what is -122210 - 0?
-122210
In base 3, what is 10 - -1112?
1122
In base 7, what is 6 - 126?
-120
In base 7, what is -33 + -115?
-151
In base 7, what is -333 + -12?
-345
In base 9, what is 0 - 1242?
-1242
In base 16, what is -1 - -a1?
a0
In base 5, what is 331 + 1313?
2144
In base 11, what is 9 + 272?
280
In base 16, what is -26b + 2?
-269
In base 5, what is 34 + 4?
43
In base 2, what is 10001 + 1000011?
1010100
In base 8, what is -2 + -541?
-543
In base 7, what is -23553 + -2?
-23555
In base 8, what is 1 - -14321?
14322
In base 5, what is 124 + -214?
-40
In base 4, what is 0 - 10110?
-10110
In base 16, what is 1 + -167?
-166
In base 9, what is -27571 + -1?
-27572
In base 5, what is -12 + 104?
42
In base 9, what is 1416 - 5?
1411
In base 8, what is -1141 - 2?
-1143
In base 15, what is -3 - 21c?
-220
In base 8, what is 117 - -3?
122
In base 11, what is 5 + 40?
45
In base 4, what is 22313 + -10?
22303
In base 7, what is 3 + -26?
-23
In base 8, what is 4 - -11463?
11467
In base 5, what is 31 + 1110?
1141
In base 11, what is -2a0 - -11?
-28a
In base 7, what is -12 + 3346?
3334
In base 2, what is -101010100111 - -101?
-101010100010
In base 11, what is 109 + -3?
106
In base 16, what is 2703 + -5?
26fe
In base 11, what is -5 - 788?
-792
In base 6, what is -330 - -203?
-123
In base 16, what is 43f8 + 5?
43fd
In base 7, what is 662 + 4?
666
In base 6, what is 23 - 13?
10
In base 15, what is 3 - 40?
-3c
In base 5, what is 11 - -1043?
1104
In base 4, what is -10 - -100111?
100101
In base 16, what is 20 - 5?
1b
In base 9, what is -543 + 2?
-541
In base 13, what is 1c + -c0?
-a1
In base 2, what is -1011101110100 + -101?
-1011101111001
In base 14, what is -6a + -1?
-6b
In base 6, what is -31 + -30?
-101
In base 9, what is 2817 + -7?
2810
In base 8, what is 2 - -657?
661
In base 12, what is -146 + 4?
-142
In base 6, what is 0 - -4532?
4532
In base 15, what is -179e + 5?
-1799
In base 10, what is 28 - -8?
36
In base 11, what is 2 + -205?
-203
In base 11, what is 22 - 4?
19
In base 5, what is -312121 + 1?
-312120
In base 13, what is 2456 + -4?
2452
In base 12, what is 2 - -21?
23
In base 16, what is -5 + -136?
-13b
In base 10, what is 39643 + -2?
39641
In base 13, what is 3 - 6c?
-69
In base 16, what is -f + 105?
f6
In base 11, what is -304 - 2?
-306
In base 3, what is -12 + 212110?
212021
In base 14, what is -8a + -102?
-18c
In base 8, what is 3 + 5?
10
In base 10, what is 564 + -2?
562
In base 4, what is -30 + 1?
-23
In base 4, what is -10 - 100102?
-100112
In base 4, what is -1302233 + -10?
-1302303
In base 14, what is 27ad + -5?
27a8
In base 10, what is 2 + -129?
-127
In base 8, what is -2 + -17473?
-17475
In base 9, what is -1201 + 4?
-1186
In base 12, what is 1 - 4b?
-4a
In base 10, what is -322 + -7?
-329
In base 10, what is 101 - -7?
108
In base 9, what is 2 + 85?
87
In base 4, what is 1 + 1003?
1010
In base 3, what is -21 - -100111?
100020
In base 2, what is -1011110 + -1?
-1011111
In base 16, what is 4 - ad2?
-ace
In base 10, what is 35 + -5?
30
In base 14, what is 13a + -b?
12d
In base 16, what is -1982 - -4?
-197e
In base 7, what is -202 + -34?
-236
In base 10, what is -176 + -2?
-178
In base 10, what is 148 + -13?
135
In base 7, what is 44 + 46?
123
In base 16, what is 8 - -1?
9
In base 5, what is -10 + -10224?
-10234
In base 13, what is -3 - 12a7?
-12aa
In base 12, what is 4 - -b5?
b9
In base 11, what is -3 + -8?
-10
In base 6, what is -450120 - 4?
-450124
In base 3, what is -200 + 12?
-111
In base 6, what is -2 + 4?
2
In base 2, what is 111111001 - 101?
111110100
In base 10, what is 5 - 83?
-78
In base 7, what is -16 + 360?
341
In base 11, what is -18 + 153?
136
In base 16, what is 1 - -d0?
d1
In base 10, what is 11 - 107?
-96
In base 7, what is -3 - 0?
-3
In base 12, what is -277 - -3?
-274
In base 6, what is 4 + 214?
222
In base 11, what is 16 + -25?
-a
In base 10, what is -216 - 1?
-217
In base 5, what is -4111 + 2?
-4104
In base 6, what is 21400 - -4?
21404
In base 15, what is -5 + -510?
-515
In base 5, what is 111 - -103?
214
In base 13, what is 50a + -3?
507
In base 5, what is 10414 + -10?
10404
In base 10, what is -4 + -189?
-193
In base 13, what is 1124 + 0?
1124
In base 11, what is 233 - -2?
235
In base 9, what is -3 + 427?
424
In base 4, what is 0 + 100?
100
In base 16, what is 11 - -3?
14
In base 6, what is -1355 - -1?
-1354
In base 13, what is 4 - -1b35?
1b39
In base 6, what is -4 - 255?
-303
In base 3, what is 11 - -1221211?
1221222
In base 2, what is -1100110 + -11?
-1101001
In base 10, what is 5 + -37?
-32
In base 16, what is -22f - 5?
-234
In base 9, what is -646 - 3?
-650
In base 4, what is 10 + -1032?
-1022
In base 2, what is -1100 + 11001?
1101
In base 2, what is -101 - -11000?
10011
In base 7, what is -1300 + 26?
-1241
In base 11, what is -500 - 13?
-513
In base 9, what is 4 + -1400?
-1385
In base 4, what is -112 + -1200?
-1312
In base 16, what is 95 + -4?
91
In base 6, what is -1 - 2403?
-2404
In base 7, what is 32 - -2225?
2260
In base 14, what is 22 + 0?
22
In base 4, what is -100121 - 21?
-100202
In base 2, what is -1000001111 + 100?
-1000001011
In base 3, what is -121 - 110122?
-111020
In base 5, what is 13 + 113?
131
In base 4, what is 21021 + -23?
20332
In base 15, what is -4 + -2c2?
-2c6
In base 9, what is -121 + -3?
-124
In base 5, what is 1 + -2102?
-2101
In base 14, what is 2 + 35?
37
In base 16, what is -2 + 117c?
117a
In base 14, what is -3 - -1bc?
1b9
In base 12, what is -817 + -17?
-832
In base 15, what is -4d15 + 0?
-4d15
In base 9, what is 14 - -40?
54
In base 14, what is 5 - -8?
d
In base 16, what is -3 + 55?
52
In base 15, what is 57 - -2?
59
In base 2, what is 1101010 + 100?
1101110
In base 4, what is -3001 - 10?
-3011
In base 15, what is -4 + -aa?
-ae
In base 3, what is 100110 - 1?
100102
In base 5, what is 1340402 - 10?
1340342
In base 8, what is 1 - -5647?
5650
In base 10, what is -141 + 4?
-137
In base 4, what is -1201 + 0?
-1201
In base 12, what is -4 + 1557?
1553
In base 10, what is 89 - 3?
86
In base 10, what is -1 - -34?
33
In base 10, what is 440 - 2?
438
In base 10, what is 1 - -100?
101
In base 8, what is -3 - -10?
5
In base 15, what is 23 + 12?
35
In base 7, what is 143 + 45?
221
In base 10, what is 9 - -51?
60
In base 7, what is 515 - 2?
513
In base 16, what is -62 - 1?
-63
In base 8, what is 4 + 12?
16
In base 13, what is 13 - -13?
26
In base 13, what is 1000 - 0?
1000
In base 10, what is 0 - -378?
378
In base 5, what is -24433 - 10?
-24443
In base 13, what is 27 + -16?
11
In base 5, what is -4 + -4002?
-4011
In base 9, what is 5 - -535?
541
In base 4, what is 202 + 1?
203
In base 2, what is 10001 - -1110?
11111
In base 16, what is 11 - 151?
-140
In base 2, what is 10010100 - 11?
10010001
In base 10, what is 5 + -4191?
-4186
In base 3, what is -10000 - 12?
-10012
In base 